est common factor of 28457 and 11427.
13
What is the greatest common divisor of 906613808 and 1424?
1424
What is the greatest common factor of 601546 and 169231?
739
Calculate the greatest common divisor of 42128 and 3393937.
2633
What is the greatest common factor of 34632 and 318792?
888
What is the greatest common divisor of 75342600 and 225?
225
What is the greatest common divisor of 844871768 and 271?
271
Calculate the greatest common divisor of 552048 and 254400.
2544
Calculate the highest common divisor of 1352736 and 79992.
792
Calculate the greatest common factor of 25840752 and 11424.
336
What is the greatest common factor of 64026576 and 6?
6
Calculate the highest common divisor of 489 and 1391834343.
489
Calculate the greatest common divisor of 69471 and 5513939.
2573
Calculate the highest common divisor of 718976 and 15892.
548
What is the highest common factor of 3989682 and 81?
27
Calculate the greatest common divisor of 50176 and 8192.
1024
What is the greatest common divisor of 234868 and 1968830?
142
Calculate the highest common divisor of 157248 and 430704.
432
Calculate the highest common factor of 51852 and 1113924.
1788
Calculate the greatest common factor of 2153752805 and 5.
5
Calculate the highest common factor of 333 and 1748151.
9
Calculate the highest common divisor of 221 and 444909023.
221
Calculate the highest common divisor of 8047573 and 53.
53
What is the greatest common divisor of 241827893 and 458?
229
Calculate the greatest common divisor of 325130008 and 56.
56
Calculate the highest common factor of 26289 and 5050917.
1143
Calculate the highest common factor of 200706 and 11748.
66
Calculate the greatest common divisor of 725 and 57944755.
145
Calculate the highest common divisor of 912 and 132060528.
48
What is the greatest common divisor of 8246406 and 70?
14
Calculate the greatest common factor of 6909877 and 398.
199
What is the greatest common divisor of 4005280 and 2560?
160
What is the greatest common divisor of 119 and 1388569?
7
What is the highest common factor of 554686 and 2299?
209
Calculate the highest common factor of 5341953 and 1952.
61
What is the highest common divisor of 132416364 and 1135?
227
Calculate the greatest common factor of 685 and 1255360181.
137
Calculate the highest common divisor of 12892290 and 3468.
1734
Calculate the greatest common divisor of 765 and 368945.
5
What is the highest common divisor of 70175 and 420560?
35
What is the highest common factor of 25983 and 34260029?
2887
Calculate the highest common factor of 1141 and 29197.
7
What is the greatest common factor of 36364438 and 154?
22
Calculate the greatest common divisor of 57396301 and 119.
17
Calculate the greatest common factor of 26650 and 26100.
50
Calculate the highest common factor of 1442844 and 235404.
468
Calculate the greatest common divisor of 32 and 20535408.
16
Calculate the highest common factor of 4153965 and 37360.
2335
What is the highest common divisor of 41619 and 8?
1
What is the greatest common factor of 534570 and 708435?
2595
Calculate the highest common divisor of 11612 and 241851833.
2903
What is the greatest common divisor of 218769651 and 612?
153
Calculate the highest common divisor of 116820808 and 656.
328
Calculate the highest common factor of 4267 and 55018698.
4267
What is the highest common factor of 3100752 and 151084?
1412
Calculate the greatest common divisor of 8105 and 20654782.
1621
What is the highest common divisor of 1885 and 459325055?
145
What is the highest common factor of 420 and 2249880?
60
What is the greatest common divisor of 392 and 254914184?
56
What is the highest common factor of 2832 and 334058?
118
Calculate the greatest common divisor of 1112250 and 2850.
150
What is the highest common divisor of 177079 and 102422?
617
What is the highest common divisor of 900138 and 90?
6
What is the highest common divisor of 4498393 and 1448?
181
Calculate the greatest common factor of 115146 and 1746.
18
What is the greatest common divisor of 76 and 404852342?
38
Calculate the greatest common factor of 478172 and 2764.
2764
Calculate the highest common divisor of 5208 and 77087080.
1736
What is the greatest common factor of 2112333825 and 1050?
525
Calculate the highest common divisor of 360 and 28892394.
18
Calculate the greatest common divisor of 4 and 567049558.
2
Calculate the greatest common factor of 37186392 and 5024.
1256
Calculate the greatest common divisor of 1324590 and 350544.
402
What is the highest common divisor of 108832 and 68590?
38
What is the highest common divisor of 15550481 and 150109?
4057
What is the greatest common divisor of 380476 and 254770?
146
What is the greatest common factor of 24703 and 32396?
7
What is the highest common divisor of 111010 and 51338860?
6530
Calculate the greatest common factor of 59850 and 9494775.
4275
Calculate the highest common divisor of 78 and 169286.
26
Calculate the highest common factor of 22389391 and 9044.
323
What is the greatest common divisor of 3496 and 753776056?
3496
What is the greatest common divisor of 30 and 324485030?
10
Calculate the highest common divisor of 63220 and 144101.
29
Calculate the highest common divisor of 10400 and 12347296.
416
Calculate the highest common factor of 16 and 1364016.
16
What is the highest common factor of 759 and 11382976?
253
Calculate the greatest common factor of 82818961 and 4271.
4271
Calculate the highest common factor of 249 and 26493.
3
Calculate the greatest common divisor of 80 and 31089880.
40
Calculate the greatest common divisor of 2468196 and 17612.
2516
What is the highest common factor of 38 and 40778294?
38
Calculate the greatest common factor of 652 and 8802.
326
Calculate the greatest common divisor of 28691748 and 1197.
171
What is the highest common divisor of 505 and 295223?
101
What is the highest common divisor of 7159936 and 786?
262
What is the highest common factor of 27306 and 101793734?
3034
What is the highest common factor of 259 and 16601419?
37
What is the highest common divisor of 25110 and 121020156?
5022
What is the highest common divisor of 25542 and 13110614?
946
Calculate the highest common factor of 37527170 and 13792.
862
Calculate the highest common factor of 104202373 and 817.
43
What is the highest common divisor of 384 and 6166848?
192
What is the highest common divisor of 301821320 and 388?
388
Calculate the greatest common factor of 161737 and 2117359.
821
Calculate the highest common factor of 533 and 30661891.
533
Calculate the greatest common factor of 616 and 167787774.
154
What is the highest common divisor of 2470861 and 590?
59
Calculate the highest common divisor of 1131 and 28134.
3
What is the highest common divisor of 45497088 and 11760?
2352
What is the greatest common factor of 281487874 and 186?
62
What is the highest common divisor of 248129 and 77?
7
Calculate the greatest common factor of 4238 and 363490.
326
Calculate the greatest common divisor of 90054 and 180648.
18
Calculate the highest common factor of 165581 and 26416.
13
What is the greatest common divisor of 98370 and 837660?
30
What is the highest common divisor of 20341090 and 434?
14
Calculate the highest common factor of 25798022 and 86.
86
Calculate the highest common divisor of 8192 and 8416.
32
Calculate the highest common divisor of 6 and 8099846.
2
Calculate the highest common divisor of 920 and 181938280.
920
What is the greatest common factor of 8406 and 379733578?
934
Calculate the greatest common factor of 11483 and 9354.
1
Calculate the greatest common factor of 93582848 and 384.
128
What is the greatest common factor of 1860 and 20371452?
12
What is the greatest common factor of 19460 and 363265?
35
What is the highest common divisor of 946515 and 400500?
1335
Calculate the highest common divisor of 16 and 447747024.
16
Calculate the greatest common divisor of 97921 and 2505371.
541
Calculate the highest common factor of 47409923 and 44.
11
Calculate the greatest common divisor of 1785 and 1121565.
15
What is the greatest common divisor of 12483 and 772227507?
4161
What is the highest common factor of 6 and 1085647926?
6
What is the highest common factor of 33810722 and 748?
374
What is the greatest common divisor of 